1166807192.
328
What is the greatest common factor of 796103 and 21483?
77
What is the greatest common divisor of 20969600 and 16000?
3200
What is the highest common factor of 84 and 49493388?
84
What is the highest common factor of 92505072 and 6270?
1254
What is the highest common factor of 505514 and 7635074?
2014
Calculate the highest common divisor of 6012635 and 1420.
355
What is the greatest common factor of 3815 and 2316545?
35
What is the greatest common divisor of 1557 and 30096?
9
What is the greatest common factor of 18 and 110910?
6
Calculate the highest common divisor of 6384 and 12852.
84
What is the greatest common divisor of 505106 and 382263?
763
What is the greatest common factor of 756 and 173917044?
756
What is the greatest common divisor of 6123 and 1574794?
13
What is the highest common divisor of 107153 and 155542?
83
Calculate the greatest common divisor of 105 and 328245.
15
What is the greatest common factor of 7636633 and 434?
31
Calculate the greatest common divisor of 1489 and 16556191.
1489
What is the highest common divisor of 160 and 2328704?
32
What is the highest common factor of 1305 and 7007067?
261
Calculate the highest common factor of 191063275 and 650.
325
Calculate the greatest common divisor of 23217870 and 10101.
1443
Calculate the greatest common divisor of 2324 and 24509900.
332
Calculate the greatest common factor of 11383776 and 1094112.
8352
What is the greatest common divisor of 57347715 and 30?
15
Calculate the highest common factor of 6711722 and 70564.
2714
What is the greatest common factor of 8869599 and 228?
57
What is the greatest common factor of 680 and 34072420?
340
What is the highest common factor of 225340 and 620?
20
Calculate the highest common factor of 122593 and 11287109.
2851
What is the greatest common factor of 14128 and 84264690?
1766
What is the highest common factor of 2701 and 25101318?
37
What is the greatest common factor of 180 and 1019973480?
60
What is the greatest common divisor of 378649796 and 28?
28
Calculate the highest common factor of 1776527623 and 206.
103
What is the greatest common divisor of 54 and 2350584?
18
Calculate the greatest common factor of 87 and 2486406843.
87
What is the highest common factor of 495 and 456609681?
99
What is the greatest common factor of 747 and 216027171?
747
Calculate the greatest common divisor of 160656346 and 638.
58
Calculate the highest common factor of 8902326 and 72.
6
Calculate the highest common divisor of 52 and 432380897.
13
Calculate the highest common factor of 4318 and 5198906.
34
Calculate the greatest common factor of 121623890 and 862.
862
What is the greatest common factor of 12431882 and 556?
278
What is the greatest common factor of 1782 and 2490048?
594
What is the highest common factor of 38867861 and 713?
23
Calculate the greatest common divisor of 26746 and 10650506.
622
What is the greatest common factor of 3712 and 474399168?
1856
Calculate the greatest common divisor of 1673334 and 3654.
18
What is the highest common factor of 913110 and 13530?
330
Calculate the greatest common divisor of 72115671 and 13665.
2733
What is the greatest common factor of 30532 and 1241036?
1796
What is the highest common divisor of 189514 and 814?
74
What is the highest common factor of 28338286 and 272?
34
What is the greatest common factor of 640742144 and 16?
16
Calculate the highest common factor of 4611754 and 49358.
2146
Calculate the highest common divisor of 37424420 and 220.
220
Calculate the greatest common divisor of 11505798 and 54.
18
What is the greatest common divisor of 3298 and 2006833?
1649
Calculate the greatest common factor of 873645 and 345.
15
Calculate the highest common factor of 55725456 and 47940.
9588
Calculate the highest common divisor of 16058934 and 13919.
449
What is the greatest common divisor of 465990 and 4438?
4438
Calculate the greatest common factor of 5068 and 1370348.
28
What is the highest common factor of 57432 and 7944?
24
What is the highest common divisor of 13646713 and 122826?
1861
Calculate the greatest common divisor of 6432 and 105462288.
3216
Calculate the highest common divisor of 6662 and 3530720098.
6662
Calculate the greatest common divisor of 8169 and 168.
21
What is the highest common factor of 51405 and 2509905?
2235
What is the highest common factor of 391428 and 132966?
1494
Calculate the highest common divisor of 5106378 and 580.
58
Calculate the greatest common factor of 60 and 144070.
10
What is the greatest common factor of 22396743 and 297?
27
Calculate the greatest common factor of 47856 and 2592.
48
Calculate the highest common factor of 3192166 and 734.
734
Calculate the highest common divisor of 3144904 and 688.
8
What is the highest common divisor of 12446168 and 33903?
3767
What is the highest common factor of 1144 and 14630968?
88
Calculate the greatest common divisor of 5440 and 2716640.
160
Calculate the greatest common factor of 6 and 2292126.
6
What is the greatest common divisor of 3326058 and 198?
18
Calculate the highest common divisor of 2813880 and 1441.
131
Calculate the highest common factor of 112382648 and 19012.
2716
Calculate the greatest common divisor of 6186856 and 195052.
1612
What is the highest common divisor of 17654 and 18023473?
1261
Calculate the greatest common factor of 3157769 and 11591.
173
What is the highest common divisor of 52 and 98891468?
52
Calculate the greatest common factor of 6 and 1024318.
2
Calculate the greatest common divisor of 7203 and 49496615.
2401
What is the highest common divisor of 4676 and 94250625?
1169
Calculate the highest common factor of 6120 and 24326745.
255
What is the greatest common divisor of 582689820 and 1380?
1380
What is the greatest common divisor of 526656 and 302016?
2496
What is the greatest common divisor of 1154278 and 16928?
1058
Calculate the greatest common divisor of 72717200 and 50.
50
Calculate the greatest common divisor of 14348051 and 724.
181
Calculate the highest common divisor of 40787113 and 9794.
4897
What is the greatest common factor of 6340946 and 494?
38
Calculate the highest common factor of 19664408 and 8.
8
Calculate the greatest common factor of 19381679 and 1063.
1063
Calculate the highest common divisor of 15312479 and 364.
91
What is the greatest common divisor of 1200 and 2931200?
400
Calculate the greatest common factor of 458022 and 1380.
138
Calculate the highest common divisor of 12 and 114318468.
12
What is the highest common divisor of 3054053 and 3582?
199
What is the highest common factor of 2750869 and 18733?
1441
What is the greatest common factor of 2 and 74847134?
2
Calculate the greatest common divisor of 3140520 and 280.
40
What is the greatest common factor of 13010244 and 117?
39
Calculate the highest common factor of 6401236 and 356.
356
Calculate the greatest common divisor of 1381350 and 300.
150
Calculate the greatest common factor of 106420044 and 192.
12
Calculate the greatest common divisor of 117160 and 231130.
290
Calculate the greatest common divisor of 1801944 and 34974.
522
Calculate the greatest common divisor of 75262 and 1321128.
622
What is the highest common divisor of 3193462 and 7473?
2491
Calculate the highest common factor of 20631 and 14313.
39
Calculate the highest common factor of 527856 and 889.
7
What is the highest common factor of 10410 and 1010?
10
Calculate the greatest common factor of 13559 and 75196277.
1937
What is the greatest common divisor of 912 and 46946169?
57
Calculate the greatest common divisor of 110 and 368509130.
110
Calculate the greatest common divisor of 53573334 and 411063.
5631
What is the greatest common divisor of 1123719 and 65317?
1333
Calculate the highest common factor of 180 and 30408660.
180
Calculate the highest common divisor of 2541938 and 19902086.
11714
What is the greatest common factor of 52449056 and 288?
32
Calculate the highest common divisor of 486 and 121018131.
243
Calculate the highest common factor of 5233767 and 417.
417
What is the greatest common divisor of 385242 and 43406?
22
Calculate the highest common factor of 5762 and 6082.
2
What is the greatest common divisor of 4658 and 90474?
34
What is the greatest common divisor of 9905 and 1538105?
1415
